{"id":578,"date":"2018-05-18T13:21:01","date_gmt":"2018-05-18T12:21:01","guid":{"rendered":"http:\/\/rg-hinterlengenberg.de\/?page_id=578"},"modified":"2024-09-10T09:35:34","modified_gmt":"2024-09-10T08:35:34","slug":"news-beitragsseite","status":"publish","type":"page","link":"https:\/\/rg-hinterlengenberg.de\/?page_id=578","title":{"rendered":"News"},"content":{"rendered":"\n\n<h1 style=\"text-align: center;\"><span style=\"color: #000000;\">*<\/span><\/h1>\n<h1 style=\"text-align: center;\"><span style=\"color: #0000ff;\">Arbeitsdienst f\u00fcr alle Mitglieder<\/span><\/h1>\n<h1>\u00a0<\/h1>\n<h4 style=\"text-align: center;\"><strong><span style=\"color: #000000;\">A<\/span><span style=\"color: #000000;\">m<\/span><span style=\"color: #000000;\"> 07.09 &amp; 14.09. finder jeweils ab 10 Uhr unser Arbeitsdienst f\u00fcrs Reitturnier statt. Wir freuen uns auf<\/span><\/strong><\/h4>\n<h4 style=\"text-align: center;\"><strong><span style=\"color: #000000;\"> zahlreiche Helfer!<\/span><\/strong><\/h4>\n<h1 style=\"text-align: center;\">*<\/h1>\n<h1 style=\"text-align: center;\"><span style=\"color: #0000ff;\">Reitturnier Hinterlegenberg 2024<\/span><\/h1>\n<p style=\"text-align: center;\">Am 21 &amp; 22 September 2024 findet unser Reitturnier statt. Nennungen k\u00f6nnen direkt \u00fcber FN Neon abgegeben werden. Zeiteinteilung und alles weitere finden Sie auf FN Neon.<\/p>\n<p style=\"text-align: center;\"><strong><span style=\"color: #ff0000;\">Zuschauer sind herzlich Willkommen!<\/span><\/strong><\/p>\n<h1 style=\"text-align: center;\">*<\/h1>\n<h3 style=\"text-align: center;\"><span style=\"color: #000000;\">!!!Wichtige Info!!!<\/span><\/h3>\n<p style=\"text-align: center;\">Ab 01.01.2022 haben wir aus gegebenem Anlass unsere Mitgliedsbeitr\u00e4ge erh\u00f6hen m\u00fcssen:<\/p>\n<p style=\"text-align: center;\">Aktive Kinder, Jugendliche, Azubi\u00b4s und Studenten\u00a0 \u00a0 \u00a0 30,-\u20ac<\/p>\n<p style=\"text-align: center;\">Aktive Erwachsene\u00a0 \u00a0 \u00a0 \u00a0 \u00a0 \u00a0 \u00a0 \u00a0 \u00a0 \u00a0 \u00a0 \u00a0 \u00a0 \u00a0 \u00a0 \u00a0 \u00a0 \u00a0 \u00a0 \u00a0 \u00a0 \u00a0 \u00a0 \u00a0 \u00a0 \u00a0 \u00a0 \u00a0 \u00a050,-\u20ac<\/p>\n<p style=\"text-align: center;\">Familienbeitrag\u00a0 \u00a0 \u00a0 \u00a0 \u00a0 \u00a0 \u00a0 \u00a0 \u00a0 \u00a0 \u00a0 \u00a0 \u00a0 \u00a0 \u00a0 \u00a0 \u00a0 \u00a0 \u00a0 \u00a0 \u00a0 \u00a0 \u00a0 \u00a0 \u00a0 \u00a0 \u00a0 \u00a0 \u00a0 \u00a0 \u00a0 80,-\u20ac<\/p>\n<p style=\"text-align: center;\">Passive Kinder, Jugendliche und Erwachsene\u00a0 \u00a0 \u00a0 \u00a0 \u00a0 \u00a0 \u00a0 \u00a018,-\u20ac<\/p>\n<h1 style=\"text-align: center;\"><strong>*<\/strong><\/h1>\n<h1 style=\"text-align: center;\"><strong>\u00a0<\/strong><\/h1>","protected":false},"excerpt":{"rendered":"<p>* Arbeitsdienst f\u00fcr alle Mitglieder \u00a0 Am 07.09 &amp; 14.09. finder jeweils ab 10 Uhr unser Arbeitsdienst f\u00fcrs Reitturnier statt. Wir freuen uns auf zahlreiche Helfer! * Reitturnier Hinterlegenberg 2024 Am 21 &amp; 22 September 2024 findet unser Reitturnier statt. &hellip;<\/p>\n<p><a href=\"https:\/\/rg-hinterlengenberg.de\/?page_id=578\">Continue Reading<span class=\"meta-nav\">&rarr;<\/span><\/a><\/p>\n","protected":false},"author":3,"featured_media":0,"parent":0,"menu_order":0,"comment_status":"closed","ping_status":"closed","template":"","meta":{"footnotes":""},"class_list":["post-578","page","type-page","status-publish","hentry"],"jetpack_sharing_enabled":true,"jetpack_shortlink":"https:\/\/wp.me\/P8CHTG-9k","_links":{"self":[{"href":"https:\/\/rg-hinterlengenberg.de\/index.php?rest_route=\/wp\/v2\/pages\/578","targetHints":{"allow":["GET"]}}],"collection":[{"href":"https:\/\/rg-hinterlengenberg.de\/index.php?rest_route=\/wp\/v2\/pages"}],"about":[{"href":"https:\/\/rg-hinterlengenberg.de\/index.php?rest_route=\/wp\/v2\/types\/page"}],"author":[{"embeddable":true,"href":"https:\/\/rg-hinterlengenberg.de\/index.php?rest_route=\/wp\/v2\/users\/3"}],"replies":[{"embeddable":true,"href":"https:\/\/rg-hinterlengenberg.de\/index.php?rest_route=%2Fwp%2Fv2%2Fcomments&post=578"}],"version-history":[{"count":93,"href":"https:\/\/rg-hinterlengenberg.de\/index.php?rest_route=\/wp\/v2\/pages\/578\/revisions"}],"predecessor-version":[{"id":1707,"href":"https:\/\/rg-hinterlengenberg.de\/index.php?rest_route=\/wp\/v2\/pages\/578\/revisions\/1707"}],"wp:attachment":[{"href":"https:\/\/rg-hinterlengenberg.de\/index.php?rest_route=%2Fwp%2Fv2%2Fmedia&parent=578"}],"curies":[{"name":"wp","href":"https:\/\/api.w.org\/{rel}","templated":true}]}}